4*h + 3088, -288*h + 285*h - 1547 = -2*p. What is the tens digit of p?
6
Let p = 424 - 1192. Let l = p + 1669. What is the hundreds digit of l?
9
Let k(p) = -p**3 + 17*p**2 - p - 17. Let i be k(12). Let f = i - 540. What is the units digit of f?
1
Let b = -138 - -333. Let m be (-1 + -2 - -2) + 126. Let w = b - m. What is the units digit of w?
0
Let l be 3*(-4 + 232/12). Suppose -33 + 7 = -2*j - h, 4*j - h - l = 0. Suppose -3*w = -j*w + 747. What is the tens digit of w?
8
Suppose 0 = 4*p + h - 19003 - 22377, 2*p - 5*h - 20646 = 0. What is the units digit of p?
3
Let d be 3 - (1*(2 + -4) - -3). Suppose -1270 = -5*c + d*h, -28*h = 4*c - 25*h - 993. What is the units digit of c?
2
Let a = 4075 - 2476. What is the hundreds digit of a?
5
Let h(o) = -193*o - 1. Let a(n) = -n - 25. Let z be a(-23). Let d be h(z). Suppose 3*w = d + 101. What is the units digit of w?
2
Suppose 24044*c - 24057*c + 33306 = 0. What is the thousands digit of c?
2
Let f(g) = -g**3 + 17*g**2 - 2*g + 18. Let v be f(17). What is the tens digit of (3 - (-116)/v)*-24?
0
Let t be 0 + -2 + (-140)/(-14). Let f(o) = 72*o - 3*o**2 - 63*o - 25 + 2*o**2 + t*o**2. What is the hundreds digit of f(4)?
1
Let z(l) = l**2 + 4*l - 11. Let r be (10/(-6))/(2/6). Let g be z(r). What is the tens digit of 2195/35 - (-1)/((-21)/g)?
6
Suppose 0 = -4*d + 4*j + 45656, 0 = 29*d - 32*d + j + 34246. What is the thousands digit of d?
1
Let t(j) = -3*j - 6. Let c be t(-3). Suppose -3*s - 4*u + 189 = 0, -c*s = -u - 177 - 12. What is the units digit of s?
3
Suppose 51*d - 762066 = 414351. What is the tens digit of d?
6
What is the thousands digit of 8 + -12 - (-6)/(-3) - (9 - 20410)?
0
Let o = 67642 + -36108. What is the hundreds digit of o?
5
Let s(n) = -n**2 + 2*n + 58. Let l = -13 + 28. Suppose 17*a = l*a. What is the units digit of s(a)?
8
Let c = 9 - 7. Suppose 2*j - c*w = w - 11, 3 = 3*w. What is the tens digit of (-358)/j - 18/(-12)?
9
What is the ten thousands digit of (-60241)/(-3) - ((-110)/(-220))/(3/2)?
2
Let p = 86 - 83. Suppose 3 + 9 = 4*d, 641 = 5*a - p*d. What is the units digit of a?
0
Let i be 3 + 5 - 3*1. Suppose 4*b - 1085 = -i*w, -4 = -w + 1. Let r = b + -14. What is the units digit of r?
1
Let g(z) = 2*z**2 - 19*z - 18. Let b be g(11). Suppose 5*o = -b*o + 2540. What is the units digit of o?
7
Let w = 80582 + -36014. What is the tens digit of w?
6
Suppose 4*r = 0, 6*z - 34927 - 43883 = 3*r. What is the thousands digit of z?
3
Let s be (-5)/(-2) - (-6)/4. Suppose -2*l + 5*y + 988 = 0, 2*l + 992 = 4*l - s*y. Suppose -2*b + l = 4*b. What is the units digit of b?
4
Let z be ((-6)/(-12) + (-27)/(-2))/2. Suppose -z*u - 347 = -1901. Suppose 0 = p - 0*p - u. What is the tens digit of p?
2
Let u be (5/3)/(35/126). Let j(s) = 37*s - 37. Let h be j(u). What is the hundreds digit of h*2*(-2)/(-10)*2?
1
Let l(v) = v**3 + 18*v**2 + 24*v + 93. Let d be l(-16). Let q = -170 + d. What is the units digit of q?
1
Suppose 486*b = 494*b - 1584. Suppose 21 = 2*n + 23, 3*n = -d + b. What is the hundreds digit of d?
2
Suppose -10*n = -9*n - 3. Suppose n*u = 43 - 67. What is the units digit of (144 - -2)/(u/(-8))?
6
Let f(n) be the second derivative of 127*n**3/2 - 4*n**2 - 38*n. Let y be f(1). Let v = y + -264. What is the units digit of v?
9
Let u(t) be the third derivative of t**6/120 - 19*t**5/60 + 5*t**4/8 - 7*t**3/6 + 29*t**2 - 1. What is the hundreds digit of u(19)?
2
Suppose 0 = -22*w - 6*w + 246736. What is the thousands digit of w?
8
Suppose 0 = 11*l - 20*l. Suppose -5*i + l*i = -i. Suppose f - 77 - 11 = i. What is the units digit of f?
8
Suppose -3*a = j + 8, -a = -0 - 2. Let r be (-3 + -4)*(-4)/j. What is the tens digit of r*1/(-8) - 710/(-8)?
8
Let a(h) = -182*h + 500. What is the thousands digit of a(-40)?
7
Let u(f) = 7*f**2 - 21*f + 13. Let r(m) = 8*m**2 - 22*m + 12. Let b(i) = 6*r(i) - 7*u(i). Let n be b(16). Let v = 80 + n. What is the tens digit of v?
4
Suppose -6*i + 25*i = -8*i + 38259. What is the hundreds digit of i?
4
Suppose 2*r = -3*q + 5, 37*r = 35*r - 4. Let t = 184 + -73. Suppose 0 = -0*a + a - 2*o - 37, 0 = -q*a + 3*o + t. What is the tens digit of a?
3
Suppose -137*h + 114*h = -1403. Suppose 2*v + 2*w = -w + 203, -3*w - 15 = 0. Let u = v - h. What is the units digit of u?
8
Let y be (-440)/(-12) + (-8)/12. Let p be (-27)/y + 38/8. Suppose 0 = -m + 5*f + 207, -5*m + 244 = p*f - 675. What is the tens digit of m?
8
Suppose 2*j = -2*u + 8444, 3*j - 8*u = -7*u + 12666. What is the units digit of j?
2
Let u(q) = 225*q - 210 - 437*q + 238*q + 3*q**2. What is the thousands digit of u(17)?
1
Suppose -5*y + b + 2*b + 1640 = 0, -1304 = -4*y + 4*b. Let p = -33 + y. What is the hundreds digit of p?
2
Let c(w) be the third derivative of 17*w**5/60 + 2*w**4/3 + 2*w**3 - 2*w**2 - 24. What is the tens digit of c(-7)?
3
Suppose -4*p - 9 = 5*c + 7, 0 = 5*c + 3*p + 12. Suppose -3*x + 663 + 117 = c. What is the hundreds digit of x?
2
Let o = 71 + -69. Suppose -4*g + 845 = -3*q - o*q, g + 2*q = 208. What is the units digit of g?
0
What is the hundreds digit of 1478/(15 + (-898)/60)?
3
What is the tens digit of -303 - -300 - (1 - -1 - 4417*6)?
9
What is the hundreds digit of ((-25896)/32 - 3)*(-6 - -2)?
2
Suppose 0 = 5*t - b - 809 - 1833, -5*t - 2*b = -2636. Suppose -m - t = -h, 3*h - 2*m = -m + 1578. What is the hundreds digit of h?
5
Let t(i) = 7*i - 5 + 55*i + 29*i + 21*i. Let x(g) = 28*g - 1. Let b(j) = -2*t(j) + 9*x(j). What is the units digit of b(2)?
7
Suppose -3*x = -15 - 3. Let q be (-26)/(-12) - 1/x. What is the hundreds digit of (q/6)/((-12)/(-4392))?
1
What is the units digit of (-50790)/(-18) - 21/(-63)?
2
Suppose 4*o - 6129 = -y, -10*o = -6*y - 13*o + 36879. What is the thousands digit of y?
6
Suppose 6*c = -741 - 1485. What is the tens digit of c/35 - -11 - (-8626)/10?
6
Let r(u) = u**3 - 7*u**2 - 11*u + 16. Suppose -27 + 0 = -3*b. What is the tens digit of r(b)?
7
Let b = -81 + 75. Let h(g) = 3*g**2 - g + 5. What is the tens digit of h(b)?
1
Suppose -34*l - 579 = -37*l. Suppose -r = 5*s - l, 4*r - r - 5*s = 499. What is the units digit of r?
3
Let i be (-469)/1*(-12 + 11). Suppose 7*r + 2*d = 3*r + 642, -3*r = 4*d - i. Let h = r + -49. What is the tens digit of h?
1
Let d(h) = -443*h**3 + 9*h**2 + 48*h + 30. What is the units digit of d(-4)?
4
Let r be (-6898)/(-12) + (-9)/(-54). Let p = r + -273. Let h = -148 + p. What is the units digit of h?
4
Let n(d) = d**3 - 10*d**2 + 13*d - 3. Let q = 199 - 190. What is the tens digit of n(q)?
3
Let k = -1 - -4. Suppose -7 - 5 = -k*f. Suppose 2*u - 16 = 4*g, g = f*u - g - 14. What is the units digit of u?
2
Let s(i) = 65*i + 61. Let x be s(-7). Let j = 34 - x. What is the units digit of j?
8
Let b(n) = -3*n**3 + 19*n**2 + 81*n - 11. Let y(t) = t**3 - 7*t**2 - 27*t + 4. Let a(f) = 3*b(f) + 8*y(f). What is the units digit of a(-9)?
6
Suppose h + 4*w = 5, 2*h - 5*h = 5*w - 15. Suppose 20 = h*x - 25. Suppose -13*g + 676 = -x*g. What is the hundreds digit of g?
1
Suppose 215 - 10 = -5*u. Let q = u - -31. What is the tens digit of q/1*(-16 - -8)?
8
Let f(a) = -363*a - 276. What is the hundreds digit of f(-6)?
9
Let c(z) = 17*z - 28. Let j(t) = -t**3 + 11*t**2 - 9*t + 23. Let l be j(10). Let m = l + -25. What is the hundreds digit of c(m)?
1
Let g = -2 + 22. Let m = g + -18. Suppose o = -3*u + m*o + 383, 3*u + 5*o = 407. What is the tens digit of u?
2
Suppose 2*c - c + 140 = 0. Let h = c - -146. Let y(l) = 3*l**2 - 3*l - 29. What is the units digit of y(h)?
1
Let y = 45 - 81. Let r be 2/(-8)*-6*(-96)/y. What is the units digit of 83/6 - r/(-24)?
4
Suppose 38*b + 7*b + 188255 = 68*b. What is the hundreds digit of b?
1
Suppose -2*v + x = -2*x - 21, -5*v = 5*x - 15. Suppose -1134 = -v*b + 384. What is the units digit of b?
3
What is the ten thousands digit of (-92220)/(-9) + ((-5)/(-3) - (-64)/(-48))?
1
Let v(j) = 586*j - 342. What is the thousands digit of v(6)?
3
Let g = 45951 + -29373. What is the tens digit of g?
7
Suppose -d - 2 = -b, -3*d + 2*b - 5*b = 12. Let t be (3/(-27)*d)/((-1)/9). What is the units digit of 65 - (t - (2 - 4))?
6
Let y(t) = 5*t**2 - 8*t - 3. Let i(n) = 4*n**2 - 7*n - 3. Let o(c) = -6*i(c) + 5*y(c). Let x be 10/(2 - 3)*7/14. What is the units digit of o(x)?
8
Suppose 5*d + i - 58 = 0, -3*d - 2*i + 25 = -7. Suppose 14*s = -d*s 